
Calculate the greatest common factor of 77 and 150843.
77
Calculate the greatest common factor of 9 and 205047.
9
Calculate the highest common divisor of 253344 and 1827.
609
What is the greatest common factor of 580008 and 33?
33
Calculate the greatest common divisor of 48 and 39096.
24
What is the highest common factor of 105 and 29220?
15
What is the highest common divisor of 3363800 and 250?
50
Calculate the highest common factor of 180 and 3260.
20
Calculate the highest common divisor of 272030 and 2222.
22
Calculate the highest common divisor of 674 and 6849862.
674
Calculate the highest common divisor of 172 and 12556.
172
Calculate the greatest common divisor of 959 and 20002.
137
What is the highest common factor of 102 and 624053?
17
Calculate the highest common factor of 5 and 12731.
1
Calculate the highest common divisor of 20134 and 2.
2
What is the highest common factor of 5742 and 479754?
198
What is the greatest common divisor of 4031 and 139?
139
What is the greatest common factor of 27313 and 430705?
2101
Calculate the greatest common factor of 12570 and 210.
30
Calculate the highest common factor of 483 and 210.
21
What is the greatest common factor of 1133 and 25399?
11
What is the greatest common divisor of 402 and 1764914?
134
What is the highest common factor of 56 and 8302?
14
What is the highest common divisor of 3408 and 104?
8
Calculate the highest common divisor of 919636 and 1586.
122
Calculate the highest common divisor of 1140363 and 42.
21
What is the highest common factor of 1458368 and 24?
8
What is the greatest common divisor of 38 and 40432?
38
What is the greatest common divisor of 1190 and 6290?
170
Calculate the highest common factor of 1411 and 67881.
17
Calculate the highest common divisor of 312 and 10023.
39
What is the greatest common factor of 1501 and 47321?
79
Calculate the greatest common factor of 106 and 1188737.
53
What is the highest common factor of 15306 and 30?
6
What is the highest common factor of 335 and 365?
5
Calculate the highest common divisor of 32 and 118112.
32
Calculate the greatest common divisor of 204 and 272901.
51
What is the highest common divisor of 7 and 326123?
7
What is the highest common factor of 60426 and 648?
162
What is the greatest common factor of 882 and 256032?
126
Calculate the highest common divisor of 1027286 and 78.
26
Calculate the greatest common divisor of 74734 and 176.
22
What is the highest common divisor of 1905 and 26295?
15
Calculate the highest common divisor of 243 and 263601.
27
Calculate the greatest common factor of 44 and 395208.
44
What is the highest common divisor of 1314 and 376461?
657
What is the greatest common divisor of 4221 and 1701?
63
What is the greatest common divisor of 20361 and 429?
33
What is the highest common factor of 7782 and 18?
6
What is the greatest common divisor of 424644 and 165?
33
Calculate the highest common divisor of 75492 and 36.
36
Calculate the highest common factor of 2680 and 160.
40
What is the greatest common factor of 376 and 642?
2
What is the highest common divisor of 114 and 109174?
38
Calculate the greatest common factor of 86016 and 63.
21
What is the greatest common divisor of 7853978 and 22?
22
Calculate the greatest common factor of 46268 and 1462.
86
Calculate the highest common divisor of 66400 and 4100.
100
What is the greatest common factor of 424784 and 32?
16
Calculate the greatest common factor of 186985 and 15.
5
Calculate the highest common factor of 380052 and 3366.
306
Calculate the highest common factor of 32 and 482728.
8
What is the greatest common factor of 36 and 46688?
4
What is the highest common divisor of 88 and 260744?
88
Calculate the greatest common divisor of 32 and 330608.
16
Calculate the highest common factor of 11400 and 2670.
30
What is the greatest common factor of 71554 and 399?
133
What is the highest common divisor of 3038640 and 1650?
330
What is the highest common factor of 548 and 872?
4
What is the greatest common factor of 23292 and 315?
9
What is the highest common factor of 300 and 24176?
4
What is the highest common factor of 43 and 481858?
43
What is the highest common divisor of 213708 and 88?
44
Calculate the highest common divisor of 14315 and 14.
7
Calculate the greatest common factor of 4498 and 832.
26
What is the highest common factor of 11125 and 14685?
445
What is the highest common divisor of 199 and 194821?
199
Calculate the greatest common divisor of 5480 and 24.
8
Calculate the highest common factor of 36808 and 2924.
172
What is the highest common divisor of 146 and 1862157?
73
What is the highest common divisor of 126 and 8991?
9
What is the greatest common divisor of 5550 and 74?
74
Calculate the greatest common divisor of 100947 and 1518.
759
Calculate the highest common divisor of 114 and 5738.
38
Calculate the highest common divisor of 516 and 7439.
43
Calculate the greatest common divisor of 27 and 41427.
9
Calculate the greatest common factor of 1010 and 12827.
101
What is the greatest common divisor of 146544 and 172?
172
Calculate the greatest common factor of 311636 and 3227.
461
What is the highest common divisor of 30691 and 1081?
47
What is the highest common factor of 48554 and 55?
11
Calculate the greatest common divisor of 4908 and 12.
12
What is the greatest common factor of 392 and 4904?
8
Calculate the highest common divisor of 14 and 1196405.
7
Calculate the greatest common divisor of 2369 and 5768.
103
What is the highest common divisor of 33 and 33979?
11
Calculate the greatest common factor of 168 and 39956.
28
What is the greatest common factor of 27987 and 48?
3
What is the highest common factor of 63936 and 25056?
864
What is the highest common divisor of 124 and 68603?
31
What is the highest common divisor of 765 and 25670?
85
What is the highest common factor of 1734 and 51408?
102
What is the greatest common factor of 210716 and 264?
44
What is the highest common divisor of 4056 and 10452?
156
Calculate the highest common factor of 8008 and 4224.
88
What is the greatest common factor of 96640 and 2432?
128
What is the greatest common factor of 2814 and 5306?
14
What is the greatest common factor of 812203 and 232?
29
What is the greatest common divisor of 147 and 915?
3
Calculate the greatest common divisor of 54 and 804114.
54
Calculate the highest common divisor of 330768 and 48.
48
Calculate the greatest common factor of 80131 and 6707.
353
What is the greatest common factor of 2194303 and 2933?
419
Calculate the greatest common factor of 8384 and 203836.
524
Calculate the greatest common factor of 15086 and 3838.
38
Calculate the greatest common factor of 8736 and 442.
26
Calculate the highest common factor of 505 and 49685.
5
Calculate the highest common factor of 59 and 34338.
59
Calculate the greatest common divisor of 10872 and 648.
72
What is the greatest common divisor of 41990 and 1377?
17
Calculate the greatest common factor of 33985 and 8995.
35
Calculate the highest common factor of 668 and 1562.
2
Calculate the greatest common factor of 1141 and 4550.
7
Calculate the highest common factor of 33 and 18843.
33
What is the greatest common divisor of 19327 and 2079?
77
Calculate the greatest common factor of 11766 and 2862.
318
Calculate the highest common divisor of 1518 and 86664.
138
Calculate the greatest common factor of 5512 and 832.
104
Calculate the highest common divisor of 12 and 4686.
6
What is the greatest common factor of 20026 and 2091?
17
Calculate the highest common factor of 178464 and 5568.
96
What is the greatest common divisor of 663080 and 7744?
968
What is the highest common factor of 24950 and 220?
10
What is the highest common factor of 11968 and 2312?
136
What is the highest common divisor of 1034 and 1128?
94
Calculate the highest common divisor of 420 and 192.
12
What is the greatest common divisor of 104145 and 210?
15
What is the greatest common factor of 5194 and 33867?
53
What is the greatest common factor of 618 and 113300?
206
Calculate the highest common divisor of 24 and 402.
6
What is the greatest common factor of 130080 and 160?
160
What is the greatest common factor of 45787 and 434?
217
What is the greatest common factor of 686 and 64?
2
Calculate the gre